Suppose -4*z = 5*r + y - 216, -2*r - 3*z + 84 = 0. Is r prime?
False
Let y = 3349 - 1380. Is y a composite number?
True
Let w(g) = 6*g + 37. Let i(z) = -7*z - 37. Let y(a) = 5*i(a) + 6*w(a). Is y(0) prime?
True
Is -1 - (-1 + 1) - -78 a composite number?
True
Is (166/4 + -2)*2 composite?
False
Let n = 4 - 0. Let l(y) = 89*y - 1. Is l(n) a prime number?
False
Suppose 0 = 4*l - 8*l. Suppose -2*a - 3*a = l. Let y = a - -7. Is y a prime number?
True
Let z(g) be the third derivative of g**9/20160 - g**7/1260 + g**6/240 + g**5/30 + g**2. Let q(j) be the third derivative of z(j). Is q(4) a prime number?
True
Suppose -2*b - 268 = -3*l + l, -3*b - 664 = -5*l. Is l a prime number?
True
Suppose -182 = -x - 37. Is x a composite number?
True
Suppose -4*y - 481 = -v, 9*v + 4*y = 4*v + 2477. Is v a composite number?
True
Let j = -1040 - -1707. Is j a composite number?
True
Let p(k) be the third derivative of -5*k**4/6 - k**3/3 - 3*k**2. Is p(-2) a composite number?
True
Let r = 6 + -3. Suppose 0*z + 165 = r*z. Is z prime?
False
Is (193 + 6)*(1 + 0) composite?
False
Suppose s + 2*s = 15. Suppose s*o + f - 31 = 0, 7 = 2*o + 2*f + 1. Let y = o + -1. Is y composite?
True
Let j(l) = -2*l**3 - 5*l**2 - 5*l - 1. Is j(-5) a composite number?
False
Suppose 4*y - 442 = 274. Is y a composite number?
False
Let x(n) = n - 1. Let b be x(1). Suppose 3*u - 16 = s - 2, b = -3*u + 2*s + 10. Is u a prime number?
False
Is 2596/14 + 15/(-35) a prime number?
False
Let f(w) = 5*w**3 - 2*w**2 - w - 2. Let h be f(2). Suppose -h = -y + 183. Is y a prime number?
True
Suppose 17618 - 7148 = 6*f. Is f prime?
False
Suppose 0 = 2*s - 4*s. Suppose 3 = 4*q - 9. Suppose -q*w = -5*w + 4*z + 24, s = -5*w + 2*z + 36. Is w a prime number?
False
Let a(q) = -q**2 - q + 2. Let h be a(-2). Is (3 - h) + 0 + 16 a prime number?
True
Let h(i) = i**3 - 10*i**2 - 16*i - 11. Let x be (18/(-12))/(1/(-8)). Is h(x) a prime number?
False
Suppose -4*s = -0*s. Suppose -5*y + 3*y + 174 = s. Is y composite?
True
Suppose q = 5*q. Let p be 2/(-3)*-18 - q. Suppose 4*k - p - 28 = -3*n, 4*k = 3*n + 64. Is k a composite number?
False
Suppose 0*t - 9 = -4*g - t, 3*g + 17 = 4*t. Let q be 2*-1*(-3)/6. Is 78 - 1*q/g prime?
False
Suppose 16 = 4*v, 4*i = v - 4*v + 296. Is i prime?
True
Is (3*-1)/((-24)/6568) a prime number?
True
Let i = 3 + -1. Suppose -i*g + 5*g - 9 = 0. Suppose 0 = 5*r - 5*b - 405, -g*r - 2*b + 7 = -246. Is r a prime number?
True
Let h(n) = 25*n**2 + 2*n. Is h(-7) a composite number?
True
Let g(c) = 2*c**3 - 6*c**2 - 8*c + 7. Let b be g(5). Suppose -5*z - 4 = 6, b = u - 5*z. Is u prime?
False
Is (-1 + 2)*(6 + 407) a prime number?
False
Let o(s) = -4*s**2 - 14*s - s**2 + 11 + 4*s**2. Suppose 49 = -5*m + 9. Is o(m) a composite number?
False
Let o(p) = p + 1. Let u be o(6). Let y(t) = t**2 - 7*t + 3. Let j be y(u). Is (53/4)/(j/12) a composite number?
False
Let y = 3 + -1. Let t be 1/(-3*y/(-438)). Let a = t - 52. Is a composite?
True
Let f(t) = -2*t**2 + t. Let x be f(2). Let g(o) = 8*o + 75. Let a be g(-9). Is 10/a + 2/x composite?
False
Let n be (-2*2 + 3)*1. Let f be n/(-2) - 86/(-4). Let v = 44 - f. Is v a composite number?
True
Let k = 5 - 0. Suppose -h - 246 = -2*j - k*h, -2*h + 377 = 3*j. Is j a composite number?
False
Let d be (-4)/(-10) - (-2546)/10. Suppose -d - 13 = -4*z. Is z prime?
True
Suppose -4*k + 302 = 2*f - 54, -2*f + 3*k = -349. Suppose -j - 4*q = -5*j + 228, -3*j - 2*q + f = 0. Is j prime?
False
Let g(m) = m**2 + 9*m - 12. Let y = -20 + 10. Let s be g(y). Is s/(-7) - 2950/(-14) prime?
True
Let r = 492 - 194. Is r a composite number?
True
Suppose -13*z - 2317 = -20*z. Is z a composite number?
False
Let x(j) = -j**3 + 8*j**2 + 3*j - 5. Is x(6) a composite number?
True
Suppose 0 = -2*o + 4*g + 626, -4*o - 4*g = -0*o - 1276. Is o composite?
False
Let o be 11/(-9) - (-6)/27. Let w(s) = -104*s**2 - 2*s - 1. Let m be w(o). Let x = 158 + m. Is x a prime number?
False
Let s(g) be the second derivative of 19/6*g**3 + 2*g + 0*g**2 + 0. Is s(1) a composite number?
False
Let c = 83 + -43. Suppose -t - k + 60 = 0, 5*t = k + 242 + c. Is t a composite number?
True
Let g(b) = 11*b**2 - 3*b - 1. Is g(-4) prime?
False
Let v = -65 - -32. Suppose -5*i + 12 = 72. Let y = i - v. Is y a composite number?
True
Suppose 0 = -5*m + 58 + 7. Suppose p = 5*x - 0*x - 41, -5*p = -x + m. Is 3*(0 + x) + 2 composite?
True
Suppose -6*m = 5*v - 2*m - 807, -2*m + 159 = v. Is v a prime number?
True
Let c(u) = u**2 - 6*u + 6. Let t be c(6). Let f be ((-116)/t)/(1/(-9)). Suppose -3*p + f = -57. Is p a prime number?
False
Let l = 99 + -67. Let x be ((-2)/(-6))/((-1)/(-9)). Suppose -2*y - x*p + 36 = 0, -2*y + l = -0*p + p. Is y a composite number?
True
Let z = 5 + 7. Is (-3090)/z*2/(-1) prime?
False
Suppose 4*d + 2*x + 15181 = 9*d, d = -3*x + 3043. Is d a prime number?
True
Let s(w) = -218*w + 3. Is s(-1) composite?
True
Let i(l) = -2*l**3 - 4*l**2. Let n be i(4). Let h = n - -369. Is h prime?
False
Suppose 0 = 4*v - 12 - 0. Let d(l) = 6*l + 2 - 12*l + 25*l. Is d(v) a composite number?
False
Let l(o) = -o**3 - 6*o**2 - 4*o + 7. Let c = 1 + 1. Suppose -4*h = -q + 26, c*h + 2*h - 2*q + 28 = 0. Is l(h) composite?
False
Let c be 20/9 + 8/(-36). Suppose -c*d = -92 - 14. Is d composite?
False
Let n(w) = 4*w**3 - 4*w**2 - 4*w + 1. Let z be n(-4). Let t be z/(-9) - 2/(-6). Suppose t = 2*j + 8. Is j a prime number?
True
Suppose 0 = 5*o - 4*x + x - 9, 4*o + 5*x = -15. Suppose o*z = 4*z - 76. Is z a composite number?
False
Let k(x) = 2*x**2 + 1. Is k(-13) prime?
False
Let m(c) = -c**3 + c**2 - c + 497. Let t be (-3)/4 - (-3)/4. Is m(t) prime?
False
Suppose l - 1910 = -4*l. Suppose 3*p = 5*m - l - 348, -124 = -m + 5*p. Is m prime?
True
Let j = 411 - 200. Is j a prime number?
True
Let p = -5 + 2. Is (-177)/6*(-5 - p) prime?
True
Let c(a) = 3*a**2 - 4*a - 8*a + 3 + 4*a. Let j be c(5). Suppose 2*i = 5*n + 57 + 34, -i + 5*n + j = 0. Is i a composite number?
False
Let s(y) = y**3 + 7*y**2 + 6*y. Let k be s(-6). Suppose -5*l + 132 + 761 = 4*j, k = -4*j - 4*l + 888. Is j a composite number?
True
Let n be (-34)/6*(2 + 307). Let a = -1155 - n. Suppose 2*b - 55 - 243 = 4*p, 4*b - a = -2*p. Is b prime?
True
Suppose 24 = -2*s + 230. Let v = 216 - s. Is v a prime number?
True
Let m(w) = -w**3 + w**2 - 6*w - 13. Let y(p) = -p**3 + p**2 - 5*p - 13. Let j(n) = 5*m(n) - 6*y(n). Is j(0) prime?
True
Let x(i) = -i**2 + 5*i - 2. Let a be x(4). Suppose -2*w = w - 330. Suppose w = 4*t - a*t. Is t composite?
True
Let z = 49 + 38. Suppose 0 = -i + 4*i - z. Let t = 60 - i. Is t prime?
True
Suppose 0 = g - 10*g + 1431. Is g composite?
True
Let q = 13 + -11. Suppose -b - 4*m = -225, -356 = -4*b - q*m + 516. Is b a composite number?
True
Let p(c) = c + 1. Let w be p(7). Let m = w + -6. Suppose 3*f = -m*v + 52, -2*f + f - 2*v = -24. Is f composite?
True
Let l(u) = -11 - 2 + 59 + 0*u - u. Is l(0) a composite number?
True
Let h be 7 - 2/(2/(-1)). Suppose h = -3*y - y. Is (-2)/(4/21)*y composite?
True
Suppose -4*p + 1539 = -p. Suppose -5*j - p = -2*g, 4*g - j + 2*j = 1037. Is g a composite number?
True
Let s be (1 + 355/(-4))*8. Let l be 4/22 - s/11. Let q = -38 + l. Is q prime?
False
Suppose -2*u + 9 = 3*w, 5*w - 25 = 5*u - 110. Let c be 26/u - (-1)/(-6). Suppose 3*b = t + 57, 19 = c*b - b + t. Is b a prime number?
True
Suppose -2445 = 6*s - 9*s. Is s composite?
True
Suppose z - 5*d = 15, 5*d = 3*z + d - 12. Let w(y) = y**3 + 8*y**2 + 2*y + 3. Let q be w(-7). Suppose z = m + q - 105. Is m composite?
False
Let y = 38 + 99. Suppose -5*c + y = -2*d, c - 4*d = -3*c + 100. Suppose 5*v - 309 + c = 5*t, -4*v + t = -209. Is v composite?
True
Let a be (0/(-1))/(8 + -10). Suppose a = -m - 3 + 88. Is m a prime number?
False
Suppose -8783 = -5*s + 3*c + c, 2*s = 2*c + 3512. Is s composite?
False
Let z = -122 + -312. Let k be z/(-4) - 2/4. Suppose -14 = -h + 5*d, 5*h - 3*d - k = -16. Is h composite?
False
Let z(f) = 15*f - 1. Let x = -2 - -7. Is z(x) a composite number?
True
Suppose 2*h - 4*j = -0*h + 2518, 1259 = h - j. Is h prime?
True
Suppose -158 = -3*n + 196. Suppose 0 = -w + 3*w - n. Is w a prime number?
True
Let r(w) = -8*w + 3. Let z be (-9)/54 + 82/(-12). Is r(z) composite?
False
Let a(d) = -389*d + 12. Is a(-1) a composite number?
False
Suppose -4*i + 3*y - 8 = -y, -2 = -3*